+ 57. Calculate the remainder when y is divided by j.
4
Let h(c) = -944*c + 3922. Calculate the remainder when 467 is divided by h(4).
29
Let c(y) = -y**2 - 32*y + 146. Let o be c(-36). Suppose o*d = 4*s + 39 - 219, -5*s = -d - 231. Calculate the remainder when 80 is divided by s.
33
Let o(c) = 11*c - 135. What is the remainder when 354 is divided by o(15)?
24
Let t(p) = -2*p + 51. Let n be t(23). Suppose -3*y - n*w + 383 = 0, 3*y - 5*w - 400 = -57. Calculate the remainder when y is divided by 25.
21
What is the remainder when ((-336)/70 - 16)/((-6)/3465) - 2 is divided by 84?
82
Suppose 0 = 4*r - f - 166, 23*f + 23 = -3*r + 9*f. Suppose 770 = -4*j + 2010. What is the remainder when j is divided by r?
37
Let l(i) = 328*i**3 - 2*i**2 + i - 1. Let b be l(1). Let h = 390 - b. What is the remainder when 251 is divided by h?
59
Suppose -151 = -4*y + 4*h + 169, y + 2*h - 95 = 0. Calculate the remainder when y is divided by 43 + (2 - (7 - -1)).
11
Let g be (-4)/7 + (-1464)/84. What is the remainder when (-4)/g - 2397/(-27) is divided by 23?
20
Suppose 8879 - 2279 = 110*w. What is the remainder when w is divided by 16?
12
Let m = -3 + 5. Suppose -m*f = -2*h - 0*h + 28, 5*f = 25. What is the remainder when h is divided by 7?
5
Let i = -414 - -419. Suppose -f - 42 = -3*f - 2*g, -5*f + i*g + 75 = 0. What is the remainder when 71 is divided by f?
17
Suppose 16*r = -904 - 1224. Calculate the remainder when 42 is divided by 4 - r/(-28) - (-115)/4.
14
Suppose d = q - 56 - 146, 2*q + 3*d = 414. Calculate the remainder when 420 is divided by q.
12
Let l be 435/(-33) - (-14)/77. Let m = -2 + 24. Calculate the remainder when 62 is divided by (-4)/m + 2/11 - l.
10
Suppose -25 = -3*t + 29. Let q(d) = 7*d + 12. What is the remainder when q(t) is divided by 146/4 + 3/(-2)?
33
Let q(g) = 3*g**2 - 15*g - 88. Let b be q(-5). Suppose 0 = 5*v - c - c - b, 3*v = -5*c + 62. Calculate the remainder when 110 is divided by v.
12
Calculate the remainder when 2067 is divided by 295 - ((-195)/52 + 5 - 2/8).
9
Suppose 296*r - 319*r = -897. Calculate the remainder when 53 is divided by r.
14
Let r(b) = 2*b**3 - 6*b**2 + 2*b + 7. Let o(l) = -6*l - 2. Let t be o(-1). Calculate the remainder when 77 is divided by r(t).
30
Suppose 5*u + 250 = 4*k, -k = -1146*u + 1148*u - 43. Calculate the remainder when 1678 is divided by k.
28
Let o = 31 + 24. Let x = 22 - o. What is the remainder when -4 - ((4 - 4) + x) is divided by 10?
9
Let a(y) = -y**3 - 4*y**2 - 4*y - 3. Let q be a(-7). Let l be (1 - q/(-12))*3. Suppose 0 = -l*p + 48*p - 24. Calculate the remainder when 20 is divided by p.
8
Let w be (-2 - 1/(-2))*-4*1. Suppose -64 = 10*z - w*z. Let s = z - -25. Calculate the remainder when 25 is divided by s.
7
Let a(v) = -20*v**2 + 11*v + 129. Let k be a(-8). What is the remainder when (k/14)/(1/(-2)) is divided by 18?
15
Let c be -5*(16/(-10) + 2). Let u = -34002 - -34084. What is the remainder when u is divided by -21*(1 + 4/c)?
19
Let a(y) = -7*y + 85. Let r(n) = -7*n + 89. Let t(o) = -5*a(o) + 6*r(o). What is the remainder when t(11) is divided by 21?
11
Calculate the remainder when 6/5*(-3010)/(-28) is divided by (-5 - -9)*51/12*2.
27
Suppose -4*u + u + 1436 = 4*q, 2*q - 4*u - 740 = 0. Let l = q + -332. What is the remainder when l is divided by 19?
11
What is the remainder when 522 is divided by (-122005)/(-1625) + (-8)/100?
72
Suppose 116306*k + 5137 = 116317*k. What is the remainder when k is divided by 441?
26
Let p = 5360 - 2812. Calculate the remainder when p is divided by 150.
148
Let d(s) = -s - 2. Let g be d(-5). Suppose -5*u + 3*l = -124, g*u - 2*l - 126 = -2*u. Let b = 301 - 294. Calculate the remainder when u is divided by b.
5
Let l = -51 + 171. Let c = -100 + l. What is the remainder when 197 is divided by c?
17
Suppose 279*y + 72618 = 412*y. Calculate the remainder when y is divided by 270.
6
Let k be -6 - (-344 - -2 - -3). Suppose 15*i - k = 6*i. Calculate the remainder when i is divided by 10.
7
Let t(y) = 5*y**2 + 33*y - 15. Let q be t(-8). What is the remainder when 55 is divided by ((-86)/12)/((q/6)/(-41))?
12
Let d(b) = 40*b**2 - 302*b + 58. What is the remainder when 232 is divided by d(8)?
30
Suppose -5*h + 10 = -3*k, 0 = 4*k + 4*h - 3*h - 25. Suppose 328 = 5*z + 5*a - 87, -5*z + k*a = -375. What is the remainder when z is divided by 10?
9
Let y = -3080 + 4102. What is the remainder when y is divided by 38?
34
Let x be 4/28 - (-27)/7. Suppose x*i - 1 = 103. Suppose 5*c - 83 = -4*f, -4*c = -2*c - 2*f - i. Calculate the remainder when c is divided by 9.
6
Let y(i) = -8*i + 11. Let s be y(-5). Let b(t) = -28 - 8*t + s - 29. Calculate the remainder when b(-5) is divided by 10.
4
Suppose 19*m = -5457 - 1763. Let s = m + 384. What is the remainder when (0 + 2)/((-4)/(-26)) is divided by s?
1
Suppose -156*t - 2*p + 146 = -153*t, 3*t - 118 = 5*p. What is the remainder when t is divided by 10?
6
Let s(g) = -48*g - 1. Let q be s(1). Let k = -28 - q. Let m(j) = 170*j - 449. Calculate the remainder when m(3) is divided by k.
19
Let o be 159/6*-8*(-21)/28. Suppose -11*c = o - 390. What is the remainder when 188 is divided by c?
20
Let d(r) = -r**3 + 2*r**2 + 108*r + 6. What is the remainder when d(11) is divided by 20?
5
Let n = 573 - 573. Suppose 2*k + 5*j - 1 = 77, -4*j + 16 = n. What is the remainder when k is divided by 22?
7
Suppose 3*s = 2*s. Suppose s*t - 5*t = -110. Let z = 117 - t. Calculate the remainder when z is divided by 48.
47
Suppose -28 = 2*l - 20*v, -111*v + 112*v - 56 = -2*l. Let w = 21 - 15. What is the remainder when w/21 - (-719)/7 is divided by l?
25
Let m = 481 + -476. Suppose g - 4 = 2*c + 27, 150 = 5*g - m*c. Calculate the remainder when g is divided by 13.
3
What is the remainder when 12/(-9)*-3 + 11 + 159 is divided by 46?
36
Let a = 173 + 23. Let r = 242 - a. Calculate the remainder when 83 is divided by r.
37
Suppose -446*w + 455*w = 2943. Calculate the remainder when w is divided by 91.
54
Suppose -5*w = 2*k + 21, 3*w - 3*k = 7 - 28. Calculate the remainder when 69 is divided by w/10*(-34 + 6).
13
Let o = -401923 - -402022. Let x(l) = 6 - l - 4 + 5*l. What is the remainder when o is divided by x(8)?
31
Let t(m) = -m**3 - 15*m**2 + 33*m + 228. Calculate the remainder when t(-17) is divided by 118.
9
Let w = -44 - 11. Let h = w - -64. Let z = -27 - -30. What is the remainder when h is divided by z?
0
Let l = -3 + 26. Let w(r) = -2*r + 71. Let x be w(-37). Let v = x - 77. Calculate the remainder when v is divided by l.
22
Suppose -5*j - 5*o = -30, -j - 3*o = j - 15. Suppose 4*c - j*q = 133 + 42, 0 = -3*q + 9. What is the remainder when (366/10)/(10/50) is divided by c?
45
Let y(m) = m**3 + 7*m**2 - m - 14. Let d be y(-6). Let f(w) = w**2 - 27*w - 27. Let v be f(d). What is the remainder when 72 is divided by v/(-2 - 102/(-50))?
22
Let q(g) = 3*g**3 + 2*g**2 + 5*g**2 - 4*g**3 - 3*g - 3. What is the remainder when q(6) is divided by (-7)/(-11 - (-6)/((-120)/(-206)))?
5
Let f be ((-480)/9)/4 + 25/75. Let s(z) = -2*z**2 - 27*z + 19. What is the remainder when s(f) is divided by 17?
15
Suppose -8*f - 13 = u - 11*f, -15 = 5*u - 5*f. What is the remainder when 76 is divided by u?
0
Suppose f = -1 + 6. Suppose p = 39 + f. Suppose -39 = h - p. Calculate the remainder when 27 is divided by h.
2
Let i = 3519 + -3392. What is the remainder when 151 is divided by i?
24
Suppose -671*c = -728*c + 522861. Calculate the remainder when c is divided by 11.
10
Suppose -3*w + 0*w = -63. Let v = 60669 - 60508. Calculate the remainder when v is divided by w.
14
Suppose l - 16 = -3*l. What is the remainder when 257/l + (-7)/28 is divided by (66/9)/(4/(-3) + 2)?
9
Let i(h) = 4*h - 11. Let b be i(-8). What is the remainder when (b/(-3))/(11/33) is divided by (-6)/(-4)*(-176)/(-24)?
10
Let v be 255*-3*(-2)/9 - -3. Suppose 0 = 2*j + 3*s - 334, j - v = -s - 2*s. Calculate the remainder when j is divided by 54.
53
Suppose 624 = -12*a + 28*a - 448. Calculate the remainder when a is divided by 24.
19
Suppose 384*f - 486*f = -1836. Calculate the remainder when 23342 is divided by f.
14
Let f(h) = -2*h**3 + 15*h**2 + 12*h + 18. What is the remainder when f(7) is divided by 128?
23
Suppose 20 = -8*p - 2*p. Calculate the remainder when 4 + (137 - p) + 3 + 2 is divided by 30.
28
Le